(q - 2/2)/(6/126)?
9
Let w(r) = -6*r - 9. Let x be 7 - ((-3 - 0) + 1). Let l be w(x). Let d = -41 - l. What is the units digit of d?
2
Let q(l) = l**2 - 2*l - 2. Let w be q(-3). Suppose -2*d + w*d - 286 = 0. What is the units digit of d?
6
Let t = -341 + 217. Let m be (4/(-8) - -1)*t. What is the units digit of 0 - 1*m/2?
1
Let f(q) = -7*q**3 + 7*q - q + 7*q**3 + 10*q**2 - q**3 + 17. What is the hundreds digit of f(9)?
1
Let i = 26 + 320. What is the units digit of i?
6
Suppose 3*f - n = 19, 2*f = 4*f - n - 13. Suppose -f*j + 12 = -2*j. Let i = 29 + j. What is the units digit of i?
2
Let j(t) = -905*t + 143. What is the hundreds digit of j(-2)?
9
Let i(x) = 3*x + 19. Let c be i(11). Suppose 0 = 2*l + 48. Let o = l + c. What is the units digit of o?
8
Suppose 288*i + 4120 = 296*i. What is the tens digit of i?
1
Let c(o) = 4*o - 6. Let s(a) = a - 1. Let b(q) = -2*c(q) + 6*s(q). Suppose 5*k = -3*d - 23, -2*k = -2*d + 10 + 12. What is the tens digit of b(k)?
2
Suppose -2*b = d + 7, 4*d - 2*b = d - 5. Let j be d - 14 - 4/4. What is the tens digit of (-4)/18 + (-490)/j?
2
Let r(c) = -c**2 - 22*c - 9. Let t be r(-16). Let q = t + -41. What is the tens digit of q?
4
Let a(n) be the first derivative of -n**4/4 - 4*n**3 - n**2/2 - 9*n + 6. Let j be a(-12). Suppose j*i + 2*i - 40 = 0. What is the units digit of i?
8
What is the hundreds digit of 2/3 + 0 - 265335/(-315)?
8
Let d be (-3)/((-21)/(-30) + -1). Suppose -5*q + 73 = 3*z - 152, -2*z = q - 143. What is the tens digit of z/4*24/d?
4
Let k(y) = -14*y + 24. Let o be k(-9). Let d = -81 + o. What is the units digit of d?
9
Suppose 24*j = 26*j - 2810. What is the units digit of j?
5
Let y(q) = q**3 + 10*q**2 + 13*q + 12. Let l be y(-8). Suppose -4*p - 179 = 5*s, s + 2*p + l = p. What is the tens digit of ((-92)/(-10))/((-14)/s)?
2
Let b(g) = g**2 - 14*g + 13. Let z be b(13). Suppose -5*y + 25 = -z*y. Suppose -5*w + 12 + 13 = y*a, -2*a + 5*w = -31. What is the units digit of a?
8
Let l = 168 + -142. What is the tens digit of l?
2
Suppose -2*o - 19*o + 17556 = 0. What is the units digit of o?
6
Let w be (-3 - -5) + (-1 - -2)*1. What is the tens digit of (-6)/(-4)*94/9*w?
4
Suppose -2*b + 3078 = 4*b. What is the hundreds digit of b?
5
Let q = -33 - -18. Let r = q + 17. What is the units digit of (r/(-4))/(9/(-54))?
3
Suppose 3*x + 18 = -645. Let l = 411 + x. What is the units digit of l?
0
Let i(s) = 14*s - 2. Suppose 0*c + 3*c = -r + 1, 2*c = 3*r + 19. Let d be i(c). Suppose -2*l + l = -d. What is the tens digit of l?
2
Let n(c) be the third derivative of c**6/120 - c**5/12 + c**4/6 + c**3/6 + 3*c**2. Let i(r) = -r**2 - 7*r - 2. Let y be i(-6). What is the units digit of n(y)?
1
What is the hundreds digit of -8 + 168/(-18)*-69?
6
Let q(w) = -w**3 - 4*w**2 - w. Let g(b) = -b**2 + 12*b - 4. Let z be g(12). Let t be q(z). Suppose 0 = t*o - 79 - 217. What is the tens digit of o?
7
Suppose -5*u - 3 = -4*p, 0 = 3*p + 2*u - 7*u - 1. Let b(q) = 3*q**2 - q. Let w(g) = -g - 1. Let d(l) = b(l) - 2*w(l). What is the units digit of d(p)?
6
Suppose -7*u + 3216 = -u. What is the units digit of u?
6
Suppose 270*d + 2832 = 276*d. What is the tens digit of d?
7
Let s = 8204 - 2746. What is the tens digit of s?
5
Suppose -2*r + 1785 - 523 = 0. Suppose -9*h - r + 1801 = 0. What is the tens digit of h?
3
Let z(a) = a**3 - 15*a**2 - 8*a + 24. Let u be z(16). Suppose -u = -5*l - 37. What is the tens digit of l?
2
Let w be (-164)/(-1)*(5 + 5/(-5)). What is the tens digit of (w/(-12))/(1 + 16/(-12))?
6
Let b = -889 + 938. What is the units digit of b?
9
Let k = -198 - -307. Suppose 2*y = 35 + k. What is the units digit of y?
2
Let f = 50 + -102. What is the units digit of f/(-6)*24/16?
3
Suppose -115 = -5*d - 5*k + 7*k, -4*d + 74 = 2*k. Let w = 15 + -9. Suppose u = w + d. What is the tens digit of u?
2
Let j = 41 + -39. What is the units digit of (676/8 + -1)/(1/j)?
7
What is the hundreds digit of 66*580/30 - 9?
2
Suppose 0 = -z - 4, -3 = 2*q - 3*z + 47. Let s = q + 51. What is the units digit of s?
0
Suppose -10008 = -3*q - 3*h, -q + 5*h - 3*h + 3342 = 0. What is the tens digit of q?
3
Let a(z) = -3*z - 15. Let c be a(17). Let v = c - -165. What is the tens digit of v?
9
Let g(q) = 2*q**3 + q**2 - 2*q + 2. Let r be g(1). Let m be r + (27/(-3) - -4). What is the tens digit of 40 + -1 + (m - -1)?
3
Suppose -s + 0*s = 0. Suppose s = 8*b - 7*b - 21. Let v = b - 10. What is the tens digit of v?
1
Suppose 63*b = 38288 + 172636. What is the tens digit of b?
4
Suppose 5*w - 3 = 2*w. Let z(y) = -y**3 - y**2 - 1. Let i(l) = -13*l**2 + 18. Let m(c) = w*i(c) + z(c). What is the tens digit of m(-14)?
1
Let g(w) = 2*w**3 + 4*w**2 + 11*w - 4. Let r be g(-10). What is the units digit of r/(-18) + 16/(-72) - 2?
3
Let k be ((-12)/8)/(6/(-8)). Suppose 15 = i + k*q, i + 2*q = 2*i - 11. Let h = i - -7. What is the units digit of h?
0
Let v = -17 - -25. Suppose 4*c - 72 = -4*i, 4*i - v = 5*c + 73. Suppose -d = -i - 37. What is the units digit of d?
6
Suppose 2*n = 8*n - 12. What is the tens digit of 78 - n/1*(-1)/(-2)?
7
Let g be 42/(-56)*4*-1. Suppose 0 = -17*w + g*w + 2646. What is the units digit of w?
9
Suppose 0 = 2*f - 6*f + 20. Suppose f*d = -5*c + 590, 5*d + 532 = 5*c - 58. What is the hundreds digit of c?
1
Let g(w) = 8*w**2 + 8*w - 1. Let o(h) = -17*h**2 - 16*h + 3. Let s(q) = 13*g(q) + 6*o(q). Let b be s(-5). What is the units digit of b*(1 + 4/6)?
5
Let q = 42 - 42. Let p(k) = 2*k + 0*k + k + 29. What is the units digit of p(q)?
9
Suppose -5 = 3*c - 14. Suppose 10 = d - c. Let w = d + -4. What is the units digit of w?
9
Let l(r) = -r**2 - 16*r + 23. Let g be l(-17). Let c(v) = 2*v**2 - 3*v + 20. What is the units digit of c(g)?
4
Let x = 674 - 223. What is the hundreds digit of x?
4
Suppose 598 = 2*l - 802. Suppose 3*c - 4*b = 4*c - 130, 5*c - l = 5*b. What is the hundreds digit of c?
1
Let t be 1/(6/(-4))*3 - -53. Let a = t + -17. What is the units digit of a?
4
Let n = 64 + -64. Suppose n = -i - 5*i + 612. What is the hundreds digit of i?
1
Let i(t) = -t**2 + 7*t - 7. Let y be i(5). Let h(x) = 4*x**2 - 3*x + 4. What is the tens digit of h(y)?
3
Let k(x) = -14*x**3 + x**2 - 4*x - 1. What is the tens digit of k(-2)?
2
What is the tens digit of (122 - -143) + -5 + -1?
5
Let m = -67 + 56. Let v(d) = -d**3 - 11*d**2 + 8. What is the units digit of v(m)?
8
Let i(t) = 10*t - 2. Let a(h) = 19*h - 4. Let k(x) = 3*a(x) - 5*i(x). Suppose 5*j = -0*c - c + 8, 7 = 4*c - 5*j. What is the units digit of k(c)?
9
Let c(j) = 720*j - 63. Let s(q) = -45*q + 4. Let p(r) = -4*c(r) - 63*s(r). What is the units digit of p(-1)?
5
Suppose -a + 178 = 25. What is the hundreds digit of a?
1
Suppose 1 = v, -8842 - 10276 = -5*l + 2*v. What is the tens digit of l?
2
Let n = 49 - 45. Suppose -2*q + 66 = -n*g, -2*q + 87 = q - 2*g. What is the units digit of q?
7
Let v = 300 + -172. What is the units digit of v?
8
Suppose -139*o - 338 = -140*o. What is the hundreds digit of o?
3
What is the units digit of 4 + (-5)/(10/(-1186))?
7
Suppose 0 = 2*s - 4*s - 10. Let m be (6/s)/(12/(-40)). Suppose 3*z - m*u - 11 - 12 = 0, -5*u = 10. What is the units digit of z?
5
Suppose 3*m + 2*x = 86, 128 = 6*m - 2*m - 4*x. Let f = 51 - 42. What is the units digit of (-5)/(m/f)*-42?
3
Let a be (15/(-6))/(3/(-18)). Let d be (36/a)/(6/15). What is the units digit of d/4 + (-107)/(-2)?
5
What is the units digit of ((-130)/(-6))/(6 + (-426)/72)?
0
Let k = 12 + -9. Let j be ((-18)/k)/3 - 1. What is the tens digit of 4*(-50)/24*j?
2
Suppose -20 = 2*k - k. Let i be ((-10)/k)/((-2)/(-28)). Suppose 3*b - 4*f = -1, -6*f = 2*b - f - i. What is the units digit of b?
1
Let w = 7 + -6. What is the units digit of 3 + (11 - (-4)/w)?
8
Let h(a) = 2*a - 10. Let l be (-4)/10 - 160/(-25). Let x be h(l). Suppose -2*b + 124 = 4*d + 2*b, x*d - 3*b - 57 = 0. What is the tens digit of d?
3
Let j(p) = 12*p**2 + p - 1. Let w be j(1). Suppose 0 = -3*d - w, -253 = -5*u - 5*d + 657. What is the tens digit of u?
8
Suppose 0 = 8*g + 32 + 24. Let u(r) = -21*r - 22. What is the units digit of u(g)?
5
Let j(a) = a - 7. Let x be j(10). Suppose 4*i = 5*t + 121 - 44, -5*i + 124 = x*t. What is the units digit of i?
3
Let n = 128 + -113. Suppose -2*y + 16 = -6*y. Let v = n + y. What is the units digit of v?
1
Let x be (-1 - 1